-1/20*z**5 + 0 + 1/2*z**3 + 1/6*z**4 + 2*z + 2*z**2. What is h(m)?
4
Suppose -g = -6*g - 10. Let m = 6 + g. Let o(z) = -5 + 2 + z + z + z**3 - 4*z**2. Determine o(m).
5
Let a(i) be the first derivative of -i**3/3 + 5*i**2/2 + i + 4. Determine a(4).
5
Let i(n) = -n - 1. Suppose -2*z - 2*c + 10 = 0, -2*z + 0*c + 9 = c. Let u(o) = -o**2 + 3*o - 1. Let m be u(z). Determine i(m).
4
Let g(t) = -t - 5*t + 4*t + t. Let i(n) = -8*n - 3. Let m(j) = -6*g(j) + i(j). Suppose 6 = -5*h - 9. What is m(h)?
3
Let v(t) = 3*t**2 - 4*t**2 - 4*t + 5*t. Calculate v(4).
-12
Let c(a) = a**2 + 3. Let d(i) = -i**3 + 7*i**2. Let s be d(7). What is c(s)?
3
Let h(w) be the first derivative of w**2 - 9*w - 1. Let z be (-69)/(-12) - 5/(-20). Calculate h(z).
3
Let t(d) = d**2 - d + 6. Suppose 2 + 28 = -5*b. Let k(p) = -p - 4. Let c be k(b). Suppose c*z = -z. Calculate t(z).
6
Let p(s) = 9*s**2 - 9*s - 4. Let v(o) = -4*o**2 + 4*o + 2. Suppose 0*w - 9 = -3*w. Suppose 0 = f - w - 0. Let g(m) = f*p(m) + 7*v(m). Give g(2).
0
Let x(n) = -5*n**2 + 1. Let z be x(1). Let o(p) = p**2 + 4*p + 4. Let y be o(z). Let k = y - 5. Let f(g) = 7*g**2 + g. What is f(k)?
6
Suppose 3*z - 10 = 2*w, 3*w + 14 = 3*z + 5*w. Let t(o) = -2*o + 6. Calculate t(z).
-2
Suppose -28 = 4*f - 0*f. Let m be 1*f + (-1 - -3). Let i(v) = -5*v - 2 + 0*v**2 - v**2 - 3. Calculate i(m).
-5
Let h(v) = -v - 2. Let i = -2 - -7. Give h(i).
-7
Let b(z) be the first derivative of -z**4/4 - 2*z**3 - 17. Calculate b(-6).
0
Let p = 31 + -36. Let f(x) = -x**3 - 5*x**2 + x + 3. Determine f(p).
-2
Suppose 3*v = 8*v - 25. Let f(d) be the third derivative of -d**4/24 + 5*d**3/6 - 16*d**2. Give f(v).
0
Let r(u) = 5*u**2 + 5 - 3 - u**3 + 2*u**2. What is r(7)?
2
Let z(s) = s**3 + s**2 + s - 1. Let g(r) = 3*r**3 - 4*r**2 - 2*r + 3. Let b(j) = -g(j) - 2*z(j). Let w(x) = -3*x - 49. Let q be w(-16). What is b(q)?
6
Let s(r) = -6*r + 6*r - 2*r + 4*r + 7. Give s(-6).
-5
Let b(q) be the second derivative of 0 - q**2 - 5/6*q**3 - 2*q. What is b(-2)?
8
Let w(b) be the first derivative of b**4/6 - b**3/6 - 2*b**2 - 3. Let c(z) be the second derivative of w(z). Determine c(-1).
-5
Let a(c) be the second derivative of c**4/12 + c**3/3 - c**2/2 + c. Suppose -3*o + 4*o = -2. Give a(o).
-1
Suppose 11*f - 15*f + 20 = 0. Suppose 4*s + 16 = 0, z - 7 = f*s + 7. Let r(m) = -m**3 - 6*m**2 + m + 4. Determine r(z).
-2
Let k = -5 - -7. Let g(j) = -k*j**3 - 7*j + 3*j**3 + 5*j**2 + 3 + 9*j. Determine g(-4).
11
Let a(b) be the third derivative of b**8/6720 - b**7/2520 - b**6/720 + b**5/60 - 5*b**4/24 + 4*b**2. Let h(q) be the second derivative of a(q). Calculate h(-2).
-8
Let m(j) = 2*j**2 + 0 + 1 - 3*j**2 - 6*j. Let h = -6 + 11. Suppose -h*q - 2 - 23 = 0. Calculate m(q).
6
Suppose z = w + 5 + 3, 3*w = -4*z + 11. Let m(k) = k**2 - 5*k + 2. Give m(z).
2
Let w(y) be the third derivative of 0*y**4 - 4*y**2 + 1/120*y**6 + 7/6*y**3 + 1/12*y**5 + 0*y + 0. Let t be (-37)/7 + (-4)/(-14). Determine w(t).
7
Let c(i) be the second derivative of i - 1/3*i**4 - 1/20*i**5 - 3/2*i**2 + 0 + 1/2*i**3. Suppose -3*t - 18 = z, -4 = t - z - 2. Give c(t).
7
Let g = 334 - 331. Let z(n) = -n**3 + 5*n**2 + 3*n - 10. Let j(d) = -2*d**3 + 10*d**2 + 5*d - 19. Let v(x) = -6*j(x) + 11*z(x). Give v(g).
-5
Let y(b) = 6*b**2 - 1. Let k be y(1). Suppose -25 = k*f + 5. Let n(m) = -3*m**2 + 2*m**2 - 5*m + 0 + 4. What is n(f)?
-2
Let j(w) = -w - 1. Let r(y) = 8*y + 2. Let v(p) = 10*j(p) + r(p). Calculate v(-6).
4
Let c(g) be the first derivative of -g**3/3 + 13*g**2/2 + g - 12. Determine c(13).
1
Let s(g) = g**2 + g. Let j(o) = -o + 1. Let d be j(4). Let q be d/(9/6*-1). Let f be q/(-4) - (-2)/(-4). Determine s(f).
0
Let x = -1 - -1. Suppose 0*h - 4*h + 13 = 3*t, -h + 3*t - 8 = x. Let o = h - -3. Let p(a) = -a**3 + 3*a**2 + 3*a. What is p(o)?
-4
Let u(a) = a**3 + 10*a**2 - 13*a - 16. Let s be u(-11). Let y(w) = w**3 - 5*w**2 - 2*w + 6. What is y(s)?
30
Suppose z + 1 = -2*o, 2 = 5*o + 5*z - 8. Let c(s) = -s**3 + 2*s**2 - 5*s - 1 - 3 - 6*s**2. Give c(o).
2
Suppose 0 = 5*m - m - 16. Let c(a) be the second derivative of -1/2*a**2 + 1/3*a**3 + a + 0. Give c(m).
7
Let y(h) = -h**3 - 3*h**2 - 2*h + 1. Suppose 1 - 11 = -2*w, -2*j + 4*w = 26. Calculate y(j).
7
Let c be 1*4 - (-10 - -5). Let v(k) = -k + 7. Determine v(c).
-2
Let z be ((-2)/3 - 1)*-6. Suppose 3*w = d + d + 10, 0 = 2*d + 5*w + z. Let r(x) = -x**3 - 4*x**2 + 6*x + 5. Give r(d).
0
Let u = -4 + 1. Let y(z) = -z**3 - z**2 + 1. Let i(o) = 4*o**3 - 5 + 1 + 2 - 1 + 8*o**2. Let d(j) = u*y(j) - i(j). Calculate d(-5).
0
Let r(u) = -3*u**2 + 6*u - 1. Let m(f) = 11*f**2 - 19*f + 3. Let j(i) = 2*m(i) + 7*r(i). Determine j(-6).
11
Let u(y) = -y - 7. Let m be u(-8). Let d be (-1 - -1) + 2/m. Let t(p) = -p**3 + p**2 - 2*p + 1. Give t(d).
-7
Suppose l = -l + 4. Let a(u) = 4*u - 1. Let y(j) = -5*j + 2. Let v(z) = 4*a(z) + 3*y(z). Determine v(l).
4
Suppose 4*m = 3*u + 28, 0*u = 2*u + 2*m. Let t(g) = -g**2 - 3*g + 2. Determine t(u).
-2
Let a(p) = -2*p - 4. Let o(s) = 3*s + 5. Let r(l) = 6*a(l) + 5*o(l). Suppose -2*d - 3*u = 4, -5*d - 2*u - u = 10. Determine r(d).
-5
Let d = -7 + 11. Suppose 0 = a - 3*a - d. Let r = -3 - a. Let m(l) = 7*l**2 - 1. What is m(r)?
6
Let b(d) = -d**3 + 3*d**2 - 2. Suppose 4*o - 7 = 9. Suppose -19 = 2*x + 5*p, -o*x + p = -3*x - 8. What is b(x)?
-2
Let x(p) = -3*p - 4. Let r be (-6)/(-1)*(-4)/8. Give x(r).
5
Suppose -l - 4 = -6. Let u = -1 + l. Let g(z) be the third derivative of -z**6/60 - z**4/24 + z**3/6 + 2*z**2. Calculate g(u).
-2
Let m(u) be the second derivative of u**5/20 - u**4/12 + u**3/3 + 2*u**2 + 26*u. Calculate m(3).
28
Let n = 1 + -3. Let y(i) = 14*i**3 - 11*i**2 - 6*i. Let h(w) = -5*w**3 + 4*w**2 + 2*w. Let s(f) = 11*h(f) + 4*y(f). Calculate s(n).
-4
Let a(b) be the second derivative of b**6/720 - 11*b**5/120 - b**4/4 + 8*b. Let c(p) be the third derivative of a(p). Give c(7).
-4
Let y(p) = -3*p**3 - 8*p**2 + 5*p - 6. Let k(x) = 13*x**3 + 33*x**2 - 19*x + 23. Let g(b) = 2*k(b) + 9*y(b). What is g(-7)?
-8
Let f be (21/(-15) + 1)*5. Let g(c) = c + 12. Let a(m) = m + 11. Let n(q) = f*g(q) + 3*a(q). Calculate n(-5).
4
Suppose -2*c + 5*c = 9. Let g(p) = p**2 + p. Let x(f) = 3*f**2 - 3*f. Let w be x(2). Let q(l) = l**3 + 4*l**2 + l + 4. Let i(n) = w*g(n) - q(n). Give i(c).
2
Let i(s) be the first derivative of s**3/3 + 7*s**2/2 - 2*s + 27. Calculate i(-5).
-12
Let x(c) = -c**3 - 16*c**2 - 16*c - 12. Let u be x(-15). Let q(y) be the third derivative of 1/24*y**4 - y**u + y**2 + 0*y + 0. Determine q(5).
-1
Let d(a) be the third derivative of a**5/60 + a**4/8 - a**3/2 - 96*a**2 - a. Let g = -8 - -3. Give d(g).
7
Let t(c) = c**3 + 3*c**2 - 5*c + 2. Suppose 3*q - 12 = -0. Suppose -2 = -5*l - 32. Let k be 10/(-3) + q/l. Calculate t(k).
6
Let p be (-28)/10 - (-2)/(-10). Suppose -b = c - 7, 2*b + c - 12 = -0*b. Let v = p + b. Let t(r) = 2*r**3 - 2*r**2 - 2*r. Calculate t(v).
4
Suppose 3*y - 4*z + 2 + 3 = 0, 3*y - 2*z - 5 = 0. Suppose y = -j + 3. Let r be 2 - (-2 + 1 + j). Let a(v) = -v**2 + 6*v - 4. What is a(r)?
1
Let b(n) = -4*n**2 - n + 1. Let p = 9 + -7. Suppose p*k = 3*k - 18. Suppose -2*l - 7*z = -3*z + k, 0 = -l - z - 4. Calculate b(l).
-4
Let a(l) = l**2 - l + 3. Let n be -2*2/(3 + -7) + 3. What is a(n)?
15
Suppose -3*u + u + 6 = 0. Let g = 4 + -1. Let t(v) = 3 + 6*v**3 - 4*v**2 + 1 - v**3 + g*v - 4*v**3. What is t(u)?
4
Let n(s) = -s**2 - 9*s - 7. Let y(b) = 6*b**2 + 46*b + 36. Let z(q) = -11*n(q) - 2*y(q). Let a = -554 - -561. Determine z(a).
5
Let i(r) = 22*r**2 + 6 - 10*r**2 + 0*r**3 - 7*r**2 + r + r**3. Determine i(-5).
1
Let v(r) = r + 3. Suppose 7 = 4*w + 3. Let m(p) = 1. Let y(i) = w*v(i) - 3*m(i). Determine y(-6).
-6
Suppose -5*f = f. Let q(y) = -1 + y + 6 + 0*y. Calculate q(f).
5
Let q(g) = 11*g**2 - 10*g + 10. Let m(h) be the third derivative of h**5/15 - h**4/8 + h**3/2 + 4*h**2. Let j(o) = -8*m(o) + 3*q(o). What is j(4)?
-2
Let w(y) be the second derivative of y**6/360 + y**5/24 + y**4/12 + y**3 + y. Let i(t) be the second derivative of w(t). What is i(-5)?
2
Let h be -3 - (-2)/4*-2. Let m(w) = 23*w + 6. Let u(o) = 4*o + 1. Let z(n) = 6*m(n) - 34*u(n). What is z(h)?
-6
Let t(n) = -20*n**3 - 2*n**2 + 20*n - 20. Let y(o) = 7*o**3 + o**2 - 7*o + 7. Let z be 1/(-3)*(-5 - -56). Let l(m) = z*y(m) - 6*t(m). Give l(5).